{"id":254,"date":"2023-11-25T17:33:50","date_gmt":"2023-11-25T16:33:50","guid":{"rendered":"https:\/\/esclozes.fr\/?page_id=254"},"modified":"2023-12-02T14:54:55","modified_gmt":"2023-12-02T13:54:55","slug":"pour-en-savoir-plus","status":"publish","type":"page","link":"https:\/\/esclozes.fr\/index.php\/pour-en-savoir-plus\/","title":{"rendered":"Biblio"},"content":{"rendered":"\t\t<div data-elementor-type=\"wp-page\" data-elementor-id=\"254\" class=\"elementor elementor-254\">\n\t\t\t\t\t\t\t<div class=\"elementor-element elementor-element-1fa1bc47 e-flex e-con-boxed e-con e-parent\" data-id=\"1fa1bc47\" data-element_type=\"container\" data-settings=\"{&quot;content_width&quot;:&quot;boxed&quot;}\" data-core-v316-plus=\"true\">\n\t\t\t\t\t<div class=\"e-con-inner\">\n\t\t\t\t<div class=\"elementor-element elementor-element-75910e9f elementor-widget elementor-widget-text-editor\" data-id=\"75910e9f\" data-element_type=\"widget\" data-widget_type=\"text-editor.default\">\n\t\t\t\t<div class=\"elementor-widget-container\">\n\t\t\t<style>\/*! elementor - v3.17.0 - 08-11-2023 *\/\n.elementor-widget-text-editor.elementor-drop-cap-view-stacked .elementor-drop-cap{background-color:#69727d;color:#fff}.elementor-widget-text-editor.elementor-drop-cap-view-framed .elementor-drop-cap{color:#69727d;border:3px solid;background-color:transparent}.elementor-widget-text-editor:not(.elementor-drop-cap-view-default) .elementor-drop-cap{margin-top:8px}.elementor-widget-text-editor:not(.elementor-drop-cap-view-default) .elementor-drop-cap-letter{width:1em;height:1em}.elementor-widget-text-editor .elementor-drop-cap{float:left;text-align:center;line-height:1;font-size:50px}.elementor-widget-text-editor .elementor-drop-cap-letter{display:inline-block}<\/style>\t\t\t\t<p><!-- wp:list --><\/p>\n<ul>\n<li style=\"list-style-type: none;\">\n<ul><!-- wp:list-item --><\/ul>\n<\/li>\n<\/ul>\n<ul>\n<li style=\"list-style-type: none;\">\n<ul>\n<li><span style=\"text-decoration: underline;\">Pour en savoir plus:<\/span><\/li>\n<\/ul>\n<\/li>\n<\/ul>\n<p><!-- \/wp:list-item --><\/p>\n<p><!-- wp:list-item --><\/p>\n<ul>\n<li style=\"list-style-type: none;\">\n<ul>\n<li><strong><em>Sentiers des courtaous en vall\u00e9e de Campan<\/em><\/strong> : Ed Soci\u00e9t\u00e9 des Amis de Madame de Campan . Livre de randonn\u00e9es autour des courtaous. Livr\u00e9 avec carte d\u00e9pliante pour sac \u00e0 dos.<\/li>\n<\/ul>\n<\/li>\n<\/ul>\n<p><!-- \/wp:list-item --><\/p>\n<p><!-- wp:list-item --><\/p>\n<ul>\n<li style=\"list-style-type: none;\">\n<ul>\n<li><strong><em>Campan , voyage au sources de l&rsquo;Adour<\/em><\/strong> : Ed Soci\u00e9t\u00e9 des Amis de Madame de Campan<\/li>\n<\/ul>\n<\/li>\n<\/ul>\n<p><!-- \/wp:list-item --><\/p>\n<p><!-- wp:list-item --><\/p>\n<ul>\n<li style=\"list-style-type: none;\">\n<ul>\n<li><strong><em>Hier en vall\u00e9e de Campan<\/em><\/strong>\u00a0 \u00a0 G Buisan\u00a0 Ed Cairn<\/li>\n<\/ul>\n<\/li>\n<\/ul>\n<p><!-- \/wp:list-item --><\/p>\n<p><!-- wp:list-item --><\/p>\n<ul>\n<li style=\"list-style-type: none;\">\n<ul>\n<li><strong><em>Des cabanes et des hommes\u00a0 \u00a0 <\/em><\/strong><em>G Buisan\u00a0<\/em>Ed Cairn<\/li>\n<li><strong>La vall\u00e9e de<\/strong> <strong>Campan<\/strong>\u00a0 H Lefebvre Ed Pers\u00e9e<\/li>\n<li><strong>La vie dans les Pyr\u00e9n\u00e9es du XVI au XVIII si\u00e8cle\u00a0<\/strong> \u00a0 \u00a0J.F Soulet\u00a0 Ed Cairn<\/li>\n<li><strong>Les Pyr\u00e9n\u00e9es au XIX si\u00e8cle<\/strong> J.F Soulet\u00a0 Ed Ech\u00e9<\/li>\n<\/ul>\n<\/li>\n<\/ul>\n<figure class=\"wp-block-image aligncenter size-large is-resized\"><img fetchpriority=\"high\" decoding=\"async\" width=\"740\" height=\"1024\" class=\"wp-image-260\" style=\"width: 241px; height: auto;\" src=\"https:\/\/esclozes.fr\/wp-content\/uploads\/2023\/11\/IMG_20231126_104244-740x1024.jpg\" alt=\"\" srcset=\"https:\/\/esclozes.fr\/wp-content\/uploads\/2023\/11\/IMG_20231126_104244-740x1024.jpg 740w, https:\/\/esclozes.fr\/wp-content\/uploads\/2023\/11\/IMG_20231126_104244-217x300.jpg 217w, https:\/\/esclozes.fr\/wp-content\/uploads\/2023\/11\/IMG_20231126_104244-768x1063.jpg 768w, https:\/\/esclozes.fr\/wp-content\/uploads\/2023\/11\/IMG_20231126_104244-1110x1536.jpg 1110w, https:\/\/esclozes.fr\/wp-content\/uploads\/2023\/11\/IMG_20231126_104244-1480x2048.jpg 1480w, https:\/\/esclozes.fr\/wp-content\/uploads\/2023\/11\/IMG_20231126_104244-scaled.jpg 1850w\" sizes=\"(max-width: 740px) 100vw, 740px\" \/><\/figure>\n<p><!-- \/wp:image --><\/p>\n<p><!-- wp:paragraph --><\/p>\n<p><!-- \/wp:paragraph --><\/p>\n<p><!-- wp:paragraph --><\/p>\n<p><!-- \/wp:paragraph --><\/p>\t\t\t\t\t\t<\/div>\n\t\t\t\t<\/div>\n\t\t\t\t\t<\/div>\n\t\t\t\t<\/div>\n\t\t\t\t\t\t\t<\/div>\n\t\t","protected":false},"excerpt":{"rendered":"","protected":false},"author":1,"featured_media":0,"parent":0,"menu_order":0,"comment_status":"closed","ping_status":"closed","template":"","meta":{"site-sidebar-layout":"default","site-content-layout":"","ast-site-content-layout":"","site-content-style":"default","site-sidebar-style":"default","ast-global-header-display":"","ast-banner-title-visibility":"","ast-main-header-display":"","ast-hfb-above-header-display":"","ast-hfb-below-header-display":"","ast-hfb-mobile-header-display":"","site-post-title":"","ast-breadcrumbs-content":"","ast-featured-img":"","footer-sml-layout":"","theme-transparent-header-meta":"","adv-header-id-meta":"","stick-header-meta":"","header-above-stick-meta":"","header-main-stick-meta":"","header-below-stick-meta":"","astra-migrate-meta-layouts":"","ast-page-background-enabled":"default","ast-page-background-meta":{"desktop":{"background-color":"var(--ast-global-color-4)","background-image":"","background-repeat":"repeat","background-position":"center center","background-size":"auto","background-attachment":"scroll","background-type":"","background-media":"","overlay-type":"","overlay-color":"","overlay-gradient":""},"tablet":{"background-color":"","background-image":"","background-repeat":"repeat","background-position":"center center","background-size":"auto","background-attachment":"scroll","background-type":"","background-media":"","overlay-type":"","overlay-color":"","overlay-gradient":""},"mobile":{"background-color":"","background-image":"","background-repeat":"repeat","background-position":"center center","background-size":"auto","background-attachment":"scroll","background-type":"","background-media":"","overlay-type":"","overlay-color":"","overlay-gradient":""}},"ast-content-background-meta":{"desktop":{"background-color":"var(--ast-global-color-5)","background-image":"","background-repeat":"repeat","background-position":"center center","background-size":"auto","background-attachment":"scroll","background-type":"","background-media":"","overlay-type":"","overlay-color":"","overlay-gradient":""},"tablet":{"background-color":"var(--ast-global-color-5)","background-image":"","background-repeat":"repeat","background-position":"center center","background-size":"auto","background-attachment":"scroll","background-type":"","background-media":"","overlay-type":"","overlay-color":"","overlay-gradient":""},"mobile":{"background-color":"var(--ast-global-color-5)","background-image":"","background-repeat":"repeat","background-position":"center center","background-size":"auto","background-attachment":"scroll","background-type":"","background-media":"","overlay-type":"","overlay-color":"","overlay-gradient":""}},"footnotes":""},"class_list":["post-254","page","type-page","status-publish","hentry"],"_links":{"self":[{"href":"https:\/\/esclozes.fr\/index.php\/wp-json\/wp\/v2\/pages\/254","targetHints":{"allow":["GET"]}}],"collection":[{"href":"https:\/\/esclozes.fr\/index.php\/wp-json\/wp\/v2\/pages"}],"about":[{"href":"https:\/\/esclozes.fr\/index.php\/wp-json\/wp\/v2\/types\/page"}],"author":[{"embeddable":true,"href":"https:\/\/esclozes.fr\/index.php\/wp-json\/wp\/v2\/users\/1"}],"replies":[{"embeddable":true,"href":"https:\/\/esclozes.fr\/index.php\/wp-json\/wp\/v2\/comments?post=254"}],"version-history":[{"count":22,"href":"https:\/\/esclozes.fr\/index.php\/wp-json\/wp\/v2\/pages\/254\/revisions"}],"predecessor-version":[{"id":475,"href":"https:\/\/esclozes.fr\/index.php\/wp-json\/wp\/v2\/pages\/254\/revisions\/475"}],"wp:attachment":[{"href":"https:\/\/esclozes.fr\/index.php\/wp-json\/wp\/v2\/media?parent=254"}],"curies":[{"name":"wp","href":"https:\/\/api.w.org\/{rel}","templated":true}]}}